-t*v - w = -3 - 10. What is the remainder when ((-20)/v)/((-3)/36) is divided by 41?
39
Suppose d + 14 = 18. Suppose 208 - 60 = d*l. What is the remainder when (6 - 1) + (l - -10) is divided by 18?
16
Let z(m) = -m + 17. Let a be z(24). Let t = 40 + a. What is the remainder when t is divided by 15?
3
Let x = 21 + -9. Let f be (-1)/((-4)/x) - 1. Suppose -f*u = 4*s - 21 - 3, 3*s + 3*u = 12. What is the remainder when 22 is divided by s?
6
Let z(i) = -15*i + 1031. What is the remainder when z(7) is divided by 8?
6
Let p(n) = -n + 139. Let g be p(0). Suppose -594 + g = -5*a. Suppose -160 = -7*r - 37 + 206. What is the remainder when a is divided by r?
44
Let u be (-203)/(-87) + (-2)/6. Suppose -u*i + 7*i + 2*n = 109, 0 = 3*i + n - 65. Suppose 400 = o + 4*o. What is the remainder when o is divided by i?
17
Let k(g) = -2*g**2 + 46*g + 2124. What is the remainder when k(33) is divided by 293?
292
Suppose -7*v = 2*v + 3429. Let o = v - -603. What is the remainder when o is divided by 4?
2
Suppose 15954 = 306*x - 109200. What is the remainder when 1633 is divided by x?
406
Let v(a) = -a**2 - 15*a + 177. Let q be v(6). What is the remainder when 150 is divided by q - (5 - 9/9)?
9
Suppose -g = 5*d + 18, -4*d - 14*g - 8 = -10*g. Calculate the remainder when 141 is divided by 22/d*168/(-77).
9
Let d(f) = 2*f**2 - 5*f - 3. What is the remainder when (107 - 94 - (-110)/(-8))/((-3)/416) is divided by d(5)?
16
Let m = 237 + 157. Suppose 342 = -210*j + 229*j. Calculate the remainder when m is divided by j.
16
Let b be 69/3 + (-1 - 0). Let c = b + -12. Suppose -7*a - 1 = -6*a, 5*q - a - 191 = 0. Calculate the remainder when q is divided by c.
8
What is the remainder when (2 - -32)*(-6)/(-4) is divided by (36/15)/(90/30000*20)?
11
Let s(t) = -99*t - 4. Suppose 224 = 34*i - 6*i. What is the remainder when s(-1) is divided by i?
7
What is the remainder when 31014/90 - (-5)/(100/28) is divided by 103?
37
Let d(n) = -n**3 - 53*n**2 - 7*n + 194. Calculate the remainder when d(-53) is divided by 186.
7
Suppose -4*g + 20 = -2*q, 5*q = 3*g - 5*g - 50. Let b(t) = 4*t + 43. What is the remainder when 112 is divided by b(q)?
1
Let s = 1811 + -1001. What is the remainder when ((-12)/(-10))/(54/s) is divided by 4?
2
Suppose -3*r - 13440 = -13704. What is the remainder when 153 is divided by r?
65
Let b = 57837 - 57822. Let p = 7 + -3. Suppose m + 14 = p*y, 2*y + y = 2*m + 3. What is the remainder when b is divided by m?
3
Let j = -84706 + 84740. Suppose -2*k - 2*k = 0. Suppose k = 5*d - 37 - 23. What is the remainder when j is divided by d?
10
Let n(f) = -f**2 - 9*f + 6. Suppose 5 = -u, -v + 55 = 4*u - 7. Calculate the remainder when v is divided by n(-8).
12
Suppose -325 = -2*q + 3*r, -4*r + 3 - 158 = -q. What is the remainder when q is divided by (254/5 + 22/110)*4/6?
31
Let t(a) = -a**2 + 6*a - 3. Let v be t(-5). Let i = 105 + v. Suppose -n = 4*p - 509 + 495, -5*n - p = -32. What is the remainder when i is divided by n?
5
Suppose 47*l - 18*l = 17*l + 396. What is the remainder when 499 is divided by l?
4
Let v(u) = 2*u**3 - 19*u**2 + 11210 + 18*u - u**3 - 11173. What is the remainder when v(18) is divided by 13?
11
Let o(b) = 13*b**2 - b - 2. Let q(s) = s**3 - 137*s**2 + 281*s - 1467. Calculate the remainder when o(2) is divided by q(135).
12
Suppose 3*u - 371 = 2*x, -3*x - 198 - 51 = -2*u. Let n = 176 - u. Calculate the remainder when 205 is divided by n.
46
Let c(f) = 3*f**2 + 8*f + 1. Let q = 5822 - 5397. What is the remainder when q is divided by c(-6)?
59
Let k = -1569 + 1619. Suppose 2*n + 2*g = 394, 4*n - 5*g - 779 = -0*g. What is the remainder when n is divided by k?
46
Let p(q) = q**3 + 7*q**2 - 2*q - 7. Let a be p(-5). Let h = 59 - a. What is the remainder when 26 is divided by h?
2
Let q(h) = -h**2 + 7896*h - 55209. What is the remainder when q(7) is divided by -1*(2*-4 + -1)?
5
Let g(k) = 7*k**3 - 95*k**2 + 15*k + 12. Let o be g(14). Suppose 0 = -6*i + o + 12. Calculate the remainder when i is divided by 29.
21
Suppose 275 + 3403 = 6*d. Calculate the remainder when d is divided by 75.
13
Let n be 2/(-4) - 43216/(-32). Suppose n = 25*p + 5*p. Calculate the remainder when 173 is divided by p.
38
Calculate the remainder when (-272)/(-3)*(10/(-8))/(45/(-54)) is divided by 108.
28
Let k(a) = -7*a**3 - 99*a**2 - 22*a + 16. What is the remainder when k(-14) is divided by 5?
3
Let p(r) = -5*r - 10. What is the remainder when (-21)/7 + 2 + -2 + 100 is divided by p(-4)?
7
Suppose 3*f = 5*p - 455, -2*p - 2*f - 26 = -192. Calculate the remainder when 250 is divided by p.
74
Suppose l - 160 = -5*n + 10*n, -2*l = -4*n - 122. Calculate the remainder when 69 is divided by (-88)/n*54/4.
33
Suppose 24 = 4*t, -3*r - 21006 = -8*r - t. What is the remainder when r is divided by 22?
20
Suppose -4*r + 20 = 0, -5*m + 2*r - 120 = -2*r. Let z(k) = -k**2 - 21*k - 7. Calculate the remainder when 22 is divided by z(m).
9
Let v(q) = -66*q - 175. What is the remainder when v(-3) is divided by 16?
7
Let q(g) = -g**3 + 10*g + 44. Calculate the remainder when 1278 is divided by q(-4).
54
Let n(d) = d**3 + 24*d**2 + 44*d + 3. Let u = -13 + 1. Let o be (-2)/(8/u) + -2 + -23. What is the remainder when 58 is divided by n(o)?
1
Suppose -w + 5*j + 143 = 0, -2*j = -2*w - w + 377. Let l = -61 + w. Suppose 138 + l = 2*n. What is the remainder when n is divided by 34?
32
Suppose 95 = 2*v - 5*v - 196. Let t be (214/(-6))/(1/3). Let s = v - t. What is the remainder when s is divided by 6?
4
Let w be -5 + (1 + -6 - -18 - 4). What is the remainder when 371 is divided by 2/w*752/12*3?
89
Suppose -215*i + 228*i = -585. What is the remainder when 120 is divided by (-13)/(-8 - i/6)?
16
What is the remainder when 208 is divided by 23 + (1/(-2) + 0)*(-137 - -137)?
1
Suppose 5*y - 3 = 27. Suppose 0 = -197*i + 263*i - 2442. What is the remainder when i is divided by y?
1
Suppose -210 = -4*j + 2*a, 10*j + 95 = 12*j + a. What is the remainder when 36 is divided by j/325 + (-438)/(-26)?
2
Let d(i) = i**3 + 12*i**2 + 16*i + 14. Let u(r) = -2*r. Suppose 15*n - 2*n = 65. Let b be u(n). What is the remainder when d(b) is divided by 11?
10
Let j be -1 - (144/5)/(15/100). Let i = 197 + j. Let k = 17 - 0. Calculate the remainder when k is divided by i.
1
Let t be (0 + 7)/((-4)/(-952)). Suppose 11*o - 820 = t. What is the remainder when o is divided by 58?
52
Let i(y) = 57*y**2 + 10*y + 18. Suppose -26*t - 25 - 27 = 0. Calculate the remainder when i(t) is divided by 77.
72
Let k = -912 - -946. Calculate the remainder when 191 is divided by k.
21
Let k(z) = 14*z**3 - 17*z + 49. What is the remainder when k(3) is divided by 103?
67
Let h = -5898 + 6298. Calculate the remainder when h is divided by 134.
132
Let z(d) = d**3 + 11*d**2 - 32*d - 14. Let w be z(-13). Let b = w + -55. Calculate the remainder when 120 is divided by (-33)/b*(-2 - (4 + -3)).
10
Let j be (-6)/12*(-2 + 2). Suppose o - 58 - 49 = j. Let f = -3820 - -3834. Calculate the remainder when o is divided by f.
9
Suppose -5*c = -2*n + 200, n = -c + 10 - 57. Let z be (-133)/c - 1/6. Suppose p - 27 = -3*x - 2, -z*x = 15. What is the remainder when p is divided by 16?
8
Let v(j) = -j**2 - 55*j - 161. Calculate the remainder when v(-27) is divided by 75.
70
Let s(j) = -7*j + 6. Let p be s(-11). Let t = p + -51. Suppose -65 = -3*y - t. What is the remainder when y is divided by 6?
5
Let m = -272 - -273. Calculate the remainder when 87 + (m - 3)*3 is divided by 24.
9
Let j(a) = -5*a + 7. Let m(v) = v**3 + 12*v**2 - 16*v - 194. Calculate the remainder when m(-11) is divided by j(-6).
29
Suppose -12*g = 11*g. Suppose -4*i + g*i = -40. Suppose -m + 39 = -2*j, -2*m + 3*j = -4*m + 106. What is the remainder when m is divided by i?
7
Let y(k) = 12*k**2 - 106*k + 4. Let o be y(9). Let i(x) = -2*x + 113. What is the remainder when i(o) is divided by 19?
12
Let i(s) = -s**2 - 6*s + 92. Calculate the remainder when 69 is divided by i(-13).
0
Let v(t) = -t**3 + 4*t**2 + t. Let o(u) = -3*u + 33. Let b = -144 + 136. What is the remainder when o(b) is divided by v(3)?
9
Let a be 7*(2/8 + 12/16). Let o = 232 + 142. Suppose 0 = -4*u + 2*b + o, 107 = u - a*b + 2*b. Calculate the remainder when u is divided by 25.
17
Suppose 17 = 3*j + 4*u, 5*u - 8 - 17 = 0. Let a be 72/(-20)*j/((-1)/(